{"id":99,"date":"2023-06-03T10:15:07","date_gmt":"2023-06-03T08:15:07","guid":{"rendered":"https:\/\/beztroskiwypoczynek.pl\/?page_id=99"},"modified":"2023-06-05T23:13:16","modified_gmt":"2023-06-05T21:13:16","slug":"kontakt","status":"publish","type":"page","link":"https:\/\/beztroskiwypoczynek.pl\/?page_id=99","title":{"rendered":"Kontakt"},"content":{"rendered":"<style>\/*! elementor - v3.14.0 - 30-05-2023 *\/\n.elementor-heading-title{padding:0;margin:0;line-height:1}.elementor-widget-heading .elementor-heading-title[class*=elementor-size-]>a{color:inherit;font-size:inherit;line-height:inherit}.elementor-widget-heading .elementor-heading-title.elementor-size-small{font-size:15px}.elementor-widget-heading .elementor-heading-title.elementor-size-medium{font-size:19px}.elementor-widget-heading .elementor-heading-title.elementor-size-large{font-size:29px}.elementor-widget-heading .elementor-heading-title.elementor-size-xl{font-size:39px}.elementor-widget-heading .elementor-heading-title.elementor-size-xxl{font-size:59px}<\/style>\n<h2>Niezw\u0142ocznie skontaktujcie si\u0119 z nami i rozpocznijcie przygotowania do niezapomnianego wakacyjnego do\u015bwiadczenia. Czekamy na Wasze zg\u0142oszenia i serdecznie zapraszamy do sp\u0119dzenia niezapomnianego czasu!<\/h2>\n<div style=\"width: 640px;\" class=\"wp-video\"><video class=\"wp-video-shortcode\" id=\"video-99-1\" width=\"640\" height=\"360\" preload=\"metadata\" controls=\"controls\"><source type=\"video\/mp4\" src=\"https:\/\/beztroskiwypoczynek.pl\/wp-content\/uploads\/2023\/06\/Tutaj-zamiesc-tytul-1.mp4https:\/\/beztroskiwypoczynek.pl\/wp-content\/uploads\/2023\/06\/Tutaj-zamiesc-tytul.mp4?_=1\" \/><a href=\"https:\/\/beztroskiwypoczynek.pl\/wp-content\/uploads\/2023\/06\/Tutaj-zamiesc-tytul-1.mp4https:\/\/beztroskiwypoczynek.pl\/wp-content\/uploads\/2023\/06\/Tutaj-zamiesc-tytul.mp4\">https:\/\/beztroskiwypoczynek.pl\/wp-content\/uploads\/2023\/06\/Tutaj-zamiesc-tytul-1.mp4https:\/\/beztroskiwypoczynek.pl\/wp-content\/uploads\/2023\/06\/Tutaj-zamiesc-tytul.mp4<\/a><\/video><\/div>\n","protected":false},"excerpt":{"rendered":"<p>Niezw\u0142ocznie skontaktujcie si\u0119 z nami i rozpocznijcie przygotowania do niezapomnianego wakacyjnego do\u015bwiadczenia. Czekamy na Wasze zg\u0142oszenia i serdecznie zapraszamy do sp\u0119dzenia niezapomnianego czasu! https:\/\/beztroskiwypoczynek.pl\/wp-content\/uploads\/2023\/06\/Tutaj-zamiesc-tytul-1.mp4https:\/\/beztroskiwypoczynek.pl\/wp-content\/uploads\/2023\/06\/Tutaj-zamiesc-tytul.mp4<\/p>\n","protected":false},"author":1,"featured_media":0,"parent":0,"menu_order":0,"comment_status":"closed","ping_status":"closed","template":"","meta":{"footnotes":""},"class_list":["post-99","page","type-page","status-publish","hentry"],"jetpack_sharing_enabled":true,"_links":{"self":[{"href":"https:\/\/beztroskiwypoczynek.pl\/index.php?rest_route=\/wp\/v2\/pages\/99","targetHints":{"allow":["GET"]}}],"collection":[{"href":"https:\/\/beztroskiwypoczynek.pl\/index.php?rest_route=\/wp\/v2\/pages"}],"about":[{"href":"https:\/\/beztroskiwypoczynek.pl\/index.php?rest_route=\/wp\/v2\/types\/page"}],"author":[{"embeddable":true,"href":"https:\/\/beztroskiwypoczynek.pl\/index.php?rest_route=\/wp\/v2\/users\/1"}],"replies":[{"embeddable":true,"href":"https:\/\/beztroskiwypoczynek.pl\/index.php?rest_route=%2Fwp%2Fv2%2Fcomments&post=99"}],"version-history":[{"count":7,"href":"https:\/\/beztroskiwypoczynek.pl\/index.php?rest_route=\/wp\/v2\/pages\/99\/revisions"}],"predecessor-version":[{"id":410,"href":"https:\/\/beztroskiwypoczynek.pl\/index.php?rest_route=\/wp\/v2\/pages\/99\/revisions\/410"}],"wp:attachment":[{"href":"https:\/\/beztroskiwypoczynek.pl\/index.php?rest_route=%2Fwp%2Fv2%2Fmedia&parent=99"}],"curies":[{"name":"wp","href":"https:\/\/api.w.org\/{rel}","templated":true}]}}